 29. Let n(t) = 2*t**3 + 9*t**2 + 4*t - 4. Is n(l) a composite number?
False
Let v be 1 - (-1276)/(0 - -4). Let m = v + 62. Is m a prime number?
False
Let u = -7374 - -18947. Is u composite?
True
Let j(b) = 34*b**3 + b**2 - b - 1. Let h be j(-1). Let a = h - -96. Suppose m - a - 64 = 0. Is m a prime number?
True
Suppose 3*h = -28 - 56. Let k = -26 - h. Is -1 + 0/k + 308 a prime number?
True
Let t = -35 - -39. Suppose 2*p = k + 8, -k + 6 = 4*p + 2*k. Suppose -5*l - 152 = -t*v + 454, -453 = -3*v + p*l. Is v a composite number?
False
Suppose -2*k - 54 = 5*q - 6*k, -4*q - 41 = -k. Let n be (-2)/q + 27/15. Let g(s) = 9*s - 4. Is g(n) a prime number?
False
Suppose -25 = -5*g, 3*g = 3*x - 7106 - 1876. Is x prime?
True
Suppose 3*z - 1143 = -147. Suppose b = z + 255. Is b composite?
False
Let n(q) = 191 - 4*q - q**2 - 3*q**2 + 3*q**2 + 6*q. Is n(0) a prime number?
True
Suppose 0 = 3*g + 5*l - 39718, -12*l = -16*l - 4. Is g a prime number?
True
Suppose 16*g - 7*g - 4545 = 0. Is g a composite number?
True
Suppose 0 = -11*w + 4*w + 931. Is w prime?
False
Suppose -5 = -3*l + 2*l. Suppose 3*h + i = 16, l*h + i = -i + 27. Suppose h*z + 6*a = a + 165, -109 = -3*z + 2*a. Is z prime?
False
Let m = 3976 - -23473. Is m composite?
False
Suppose 5*l - 8*l + 28599 = 0. Is l a composite number?
False
Let s = -1751 + 3297. Suppose 3*j + g - s = 0, 319 = -2*j - 4*g + 1353. Is j composite?
True
Suppose 3*g = -3*x - g + 5417, 3*x - g - 5392 = 0. Is x a prime number?
False
Let s(c) = c**2 + 32*c + 63. Let z be s(-30). Suppose d - 6*h = -h + 329, 965 = z*d - 4*h. Is d prime?
False
Let r = 286 - -368. Let p = r - 157. Suppose 5*y - 138 = p. Is y a prime number?
True
Suppose 3*u + 17702 = 5*n + 6179, 4*u + 2291 = n. Is n prime?
False
Suppose 0 = -2*m - 2*m. Let o be (-2 + 8)/(-1 - m). Is (3/2)/(o/(-184)) composite?
True
Let b(r) = r + 24. Let u be b(-18). Let s(g) = 80*g - 8 - 3 + 3 - 3. Is s(u) composite?
True
Let i = -14 + 16. Let f(h) = 228*h**2 + 5*h - 5. Is f(i) a composite number?
True
Suppose -2*d + 7*d = 25. Suppose m - d*m + 1388 = 0. Is m prime?
True
Let c(d) be the third derivative of d**5/20 - 5*d**4/24 + 5*d**3/6 + 11*d**2. Is c(2) composite?
False
Let a = -159 + 161. Suppose a*b = n - 5303, 0 = -3*n - 5*b + 2*b + 15864. Is n a composite number?
True
Is (-7)/(-5) - ((-242136)/(-10))/(-6) composite?
True
Let y be -2 - -6 - (-4 - -1). Let f be (18/21)/((-1)/y). Let z(a) = -13*a + 7. Is z(f) prime?
False
Let j = 18088 - -35211. Is j a prime number?
True
Let w(i) = -10*i**2 - 31 - i**3 + 3*i - 3*i**2 + 8*i. Is w(-15) a prime number?
False
Let o(d) = 53*d**2 - 30*d + 17. Is o(-12) a composite number?
False
Is (-123912)/(-57) - 6/(-57) a prime number?
False
Suppose 2*p - 1539 = -d, -5*p + 3892 + 726 = 3*d. Is d a prime number?
False
Suppose -12*h + 17*h = 67895. Is h prime?
False
Suppose 11*n = n + 50. Suppose 3*b + 0*b + n*u = 11721, -5*b + 19535 = -5*u. Is b prime?
True
Let g be 5523/(-5) - 4/10. Let r = g + 1678. Is r composite?
True
Is (-29106)/(-4) - (-25)/10 - -4 prime?
True
Let k = 16676 + -11207. Is k a composite number?
True
Suppose 5*d - 244 = -3*f + 195, -2*f = d - 295. Let h = f + -1590. Let i = -855 - h. Is i a prime number?
True
Let d(x) = -31*x**3 + x**2 - 1. Let f = 97 + -68. Suppose 5*a + 17 = 4*c, -2*a - f + 9 = 5*c. Is d(c) a composite number?
False
Let t be -9*(1/(-3))/(-4 - -5). Suppose -t*g + 274 = 2*u - 150, 0 = 4*u - 3*g - 830. Is u composite?
True
Let t(r) = 260*r + 5. Let f = -44 + 45. Is t(f) prime?
False
Let j(l) = -l**3 - l**2 + l + 4. Let k be j(-2). Suppose 1510 + 44 = k*f. Is f composite?
True
Let m(t) = -t + 7. Let s be m(4). Let p = 2 - s. Is ((-35)/(-10))/(p/(-94)) a prime number?
False
Let f(t) be the second derivative of -3*t + 0 - 5/6*t**3 - 2/3*t**4 - 1/10*t**5 + 1/2*t**2. Is f(-8) a composite number?
True
Suppose s - 630 = 661. Is s composite?
False
Suppose 5*s - 2 = -22. Let h(z) = z**3 + 7*z**2 - 9*z. Let x(a) = 6*a**2 - 8*a - 1. Let d(u) = -2*h(u) + 3*x(u). Is d(s) composite?
True
Let u(y) = -13*y. Let n be u(1). Let t = n + 10. Is 46/t*6/(-4) prime?
True
Let k(p) = 455*p - 1. Let n be k(6). Let w = n + -1744. Is w a prime number?
False
Is (-18991840)/(-224) - (-4)/(2 + 0) composite?
False
Let u = 1151 + -819. Suppose 0 = -2*p - 2*p + u. Is p a composite number?
False
Let r = 26 + -79. Let l = -37 - r. Suppose 4*c + q - 585 = -l, 4*c = q + 559. Is c a prime number?
False
Let k be (-3)/(15/(-20)) - -1. Suppose 4*j - 1670 = 2*m, -k*m + 2110 = 5*j - 0*m. Is j composite?
False
Suppose 0 = -10*p + 92059 + 17671. Is p a composite number?
False
Let j = -8 - -19. Let q = j + -11. Let t(r) = -r**2 - r + 62. Is t(q) a composite number?
True
Let x(l) = 0*l + l**3 + 5*l**3 - 4*l**3 + l. Let c be x(1). Suppose -y - c*a = -41 - 32, -265 = -5*y + 5*a. Is y prime?
False
Let y = 6508 - 3761. Is y a prime number?
False
Suppose 5*c = m - 5450, 5*m + 31*c - 27178 = 32*c. Is m a prime number?
False
Is (150/(-35))/10 - 60290/(-14) composite?
True
Let h = 40 - 44. Is 4 + -1390*2/h a prime number?
False
Let m = 28661 + -10690. Is m a composite number?
False
Is (-6)/(-8)*15240/90 a prime number?
True
Suppose 0 = -k - 0*k. Suppose -4*j + k = 12. Is 1 + 36 + j + 3 a prime number?
True
Let v(l) = 243*l - 142. Is v(7) prime?
True
Let t = -93 - -316. Is t a prime number?
True
Suppose 3*l + 19*y - 5123 = 17*y, -5125 = -3*l - y. Is l prime?
True
Let y(w) = -w**2 - 7*w - 17. Let h be y(-5). Let a = h - -9. Suppose 0 = -a*m + 2 + 156. Is m prime?
True
Let y(q) = 5*q**2 + 11*q - 16. Let c be y(-10). Let v = c - 117. Is v composite?
False
Is 8/4*(-1087)/(-2) prime?
True
Is (-2)/6*(0 + -6397 - -10) composite?
False
Is 32083*(12 + -1)/11 a composite number?
False
Let u = -20638 + 49349. Is u a prime number?
True
Let o(z) = -528*z + 14. Let t be o(8). Let f = 7637 + t. Is f prime?
False
Let h = 41995 - 22058. Is h prime?
True
Suppose 0 = 2*u + h + 2*h - 6155, 2*h - 6 = 0. Suppose -f + u = 3*f + 5*g, 0 = 5*f - 2*g - 3866. Suppose 0 = 2*k - f - 1794. Is k a prime number?
True
Let i = 63 - 59. Suppose i*k - 886 = 2*k. Is k a prime number?
True
Suppose 0 = 4*l - 0*l + 4. Let m(a) = 1. Let w(i) = -145*i**2 - 5. Let x(o) = -5*m(o) - w(o). Is x(l) a prime number?
False
Let k be (-15)/8 + 2 - 49029/(-24). Let b = k + -1412. Is b a composite number?
False
Suppose 11*u - 252840 = 319501. Is u a prime number?
False
Let o be 2 - (-5)/(10/8). Suppose -2*x = -o*x + 48. Let n = x + -5. Is n a prime number?
True
Let u(a) be the second derivative of a**4/6 - a**3/6 + 71*a**2/2 - 9*a. Is u(0) a prime number?
True
Let o(m) = 5*m + 4 - 1 - 8*m - 17*m. Let i be o(-10). Suppose 0 = 3*f - 52 - i. Is f prime?
False
Suppose 4*k = -2*a + 652, a + 4*k - 436 = -110. Suppose 0 = u - 429 - a. Is u composite?
True
Let t(a) = 126*a**2 + 4*a + 7. Is t(-5) composite?
False
Let x = 809 + 2004. Is x a prime number?
False
Let q(c) = -c**2 - 7*c + 11. Let r be q(5). Let v = r + 646. Is v prime?
False
Suppose -2260 = -5*j + 7*l - 3*l, -1324 = -3*j - 4*l. Let t = j - -961. Is t prime?
True
Let y = -2262 - -1479. Is 4 - 0/(-5) - y composite?
False
Let w(b) = -4*b**3 + 7*b**2 - 30. Is w(-13) prime?
True
Suppose 0*s = -2*s + 5*q + 29, q = -s - 3. Let r(d) = 0 + 36*d + 3 - 4 + s. Is r(4) composite?
True
Let o(w) = 2002*w**2 - 3*w - 14. Is o(-3) a composite number?
False
Suppose -16 = -4*n, -n + 2103 = u - 3*n. Is u composite?
False
Let u(w) = 38*w + 17. Let b be u(15). Suppose -7*y + b = -3410. Is y prime?
True
Suppose b - 231 = 2*y, b = -y + 141 + 78. Let i be (-7 + 1)*15 + 0. Let f = b + i. Is f a prime number?
False
Let h be (0 - -1)/((-8)/(-40)). Suppose h*w - 6419 = 5856. Is w prime?
False
Suppose -129 = -4*m + 2075. Suppose -4*r + 216 = -3*d - m, -9 = -3*d. Is r a prime number?
False
Let o = 1 + -1. Let j = -67 - -71. Suppose o = -3*n + 341 + j. Is n a composite number?
True
Suppose 47 = -y - 4*t, 3*t - 50 - 43 = 4*y. Let v = y + 86. Is v composite?
False
Suppose 3*o = -15, 3*x = 7*x + 3*o - 399853. Is x a composite number?
True
Suppose -19 - 249 = -4*q. Is q composite?
False
Suppose 0*y + 4*y = 17324. Is y a prime number?
False
Let l(q) = 3*q**2 - q - 1. Let y be l(3). Let v = 217 - y. Is v composite?
True
Let n(f) = -2*f + 16. Let c be n(13). Is 6 - (-28)/(-5) - 526/c composite?
False
Let x(v) 